mposite number?
True
Is 8033 a composite number?
True
Is 253501 a composite number?
False
Is 12661 prime?
False
Is 154613 a prime number?
True
Is 659 composite?
False
Is 552487 composite?
True
Is 40085 a prime number?
False
Is 3613 composite?
False
Is 291359 prime?
True
Is 30023 composite?
True
Is 10883 prime?
True
Is 15697 prime?
False
Is 1015123 composite?
False
Is 103387 a prime number?
True
Is 17231 a composite number?
False
Is 61431 a composite number?
True
Is 2685237 composite?
True
Is 51679 prime?
True
Is 161285 prime?
False
Is 51223 a composite number?
True
Is 1604921 prime?
False
Is 492707 a composite number?
False
Is 33951 prime?
False
Is 99113 composite?
True
Is 89 a composite number?
False
Is 87103 prime?
True
Is 65699 composite?
False
Is 252029 composite?
False
Is 7765 a composite number?
True
Is 107239 a prime number?
False
Is 45307 a prime number?
True
Is 328093 prime?
True
Is 988499 composite?
True
Is 85609 prime?
False
Is 5777 a composite number?
True
Is 539758 a prime number?
False
Is 90469 a prime number?
True
Is 1693 prime?
True
Is 60877 a prime number?
False
Is 141829 composite?
False
Is 332393 composite?
False
Is 380279 a composite number?
True
Is 4561 prime?
True
Is 465199 a prime number?
False
Is 1921657 a composite number?
False
Is 35857 prime?
False
Is 96218 prime?
False
Is 10943 a composite number?
True
Is 1793 prime?
False
Is 10589 prime?
True
Is 101497 a prime number?
False
Is 1347805 a prime number?
False
Is 7478 a prime number?
False
Is 521819 a composite number?
False
Is 944351 a composite number?
True
Is 27361 composite?
False
Is 22693 a composite number?
True
Is 27179 prime?
True
Is 37441 a prime number?
True
Is 3587 a composite number?
True
Is 14515 composite?
True
Is 8890223 a composite number?
False
Is 809491 a prime number?
True
Is 112757 a prime number?
True
Is 69557 composite?
False
Is 3847 composite?
False
Is 2389 a composite number?
False
Is 87491 composite?
False
Is 311803 composite?
False
Is 31103 composite?
True
Is 1106321 composite?
True
Is 1247 a composite number?
True
Is 2053 composite?
False
Is 152519 a composite number?
False
Is 52501 prime?
True
Is 90791 a prime number?
False
Is 346895 prime?
False
Is 80573 a prime number?
False
Is 320179 prime?
True
Is 14569 a prime number?
False
Is 79061 prime?
False
Is 169714 a composite number?
True
Is 57089 prime?
True
Is 65573 a composite number?
True
Is 11249 a prime number?
False
Is 458077 prime?
False
Is 59258 prime?
False
Is 7897 prime?
False
Is 3684253 a prime number?
True
Is 73217 composite?
True
Is 238493 a prime number?
False
Is 282221 prime?
True
Is 103847 a prime number?
False
Is 573961 a composite number?
True
Is 148949 a prime number?
True
Is 5557 a prime number?
True
Is 4037 a composite number?
True
Is 407567 a prime number?
True
Is 127337 a composite number?
True
Is 540767 a composite number?
True
Is 3299 a prime number?
True
Is 4729 prime?
True
Is 13323 a prime number?
False
Is 6289 a prime number?
False
Is 146669 prime?
True
Is 11231 a composite number?
True
Is 1826914 prime?
False
Is 248917 prime?
False
Is 157 prime?
True
Is 41045 a prime number?
False
Is 798733 a prime number?
False
Is 11962 a composite number?
True
Is 34981 prime?
True
Is 27329 composite?
False
Is 1195 a composite number?
True
Is 101917 prime?
True
Is 81083 a prime number?
True
Is 820355 prime?
False
Is 6467 prime?
False
Is 460221 a composite number?
True
Is 2179 prime?
True
Is 11003 prime?
True
Is 3149 composite?
True
Is 866389 prime?
True
Is 50983 a prime number?
False
Is 30577 prime?
True
Is 1399 composite?
False
Is 1657 prime?
True
Is 2453 prime?
False
Is 519119 a composite number?
False
Is 103321 prime?
False
Is 916691 composite?
True
Is 37619 prime?
True
Is 12403 a prime number?
False
Is 958 a prime number?
False
Is 14251 a prime number?
True
Is 104287 composite?
False
Is 6022 prime?
False
Is 2019 a prime number?
False
Is 28963 a prime number?
False
Is 193301 composite?
False
Is 111431 composite?
False
Is 101435 composite?
True
Is 1293763 prime?
True
Is 6033 a composite number?
True
Is 1973 a composite number?
False
Is 401543 a prime number?
False
Is 460765 composite?
True
Is 396413 composite?
False
Is 4031 a prime number?
False
Is 983173 prime?
True
Is 3799 a prime number?
False
Is 12811 composite?
True
Is 61463 a composite number?
False
Is 1344227 a composite number?
False
Is 189935 a composite number?
True
Is 56271 a composite number?
True
Is 248405 a prime number?
False
Is 363293 a prime number?
False
Is 508171 prime?
True
Is 53771 prime?
False
Is 1002461 a composite number?
True
Is 8509 a prime number?
False
Is 65437 a prime number?
True
Is 39127 a composite number?
True
Is 103426 composite?
True
Is 7778 a composite number?
True
Is 120709 composite?
False
Is 43379 a prime number?
False
Is 1005821 composite?
False
Is 5251 a composite number?
True
Is 117269 a prime number?
True
Is 92347 composite?
False
Is 1502 a composite number?
True
Is 101411 a composite number?
False
Is 1226531 prime?
True
Is 76943 composite?
False
Is 3907 a composite number?
False
Is 777901 a composite number?
False
Is 1210541 composite?
False
Is 1945 prime?
False
Is 7753 prime?
True
Is 5979 prime?
False
Is 657235 a prime number?
False
Is 83971 prime?
False
Is 101759 a prime number?
False
Is 5807 a composite number?
False
Is 27641 a composite number?
True
Is 1706 composite?
True
Is 36745 composite?
True
Is 37 a composite number?
False
Is 36379 a prime number?
False
Is 1439 prime?
True
Is 61207 prime?
False
Is 1719085 a composite number?
True
Is 61507 a composite number?
False
Is 2053 prime?
True
Is 411527 a composite number?
False
Is 56759 composite?
True
Is 1526537 a prime number?
True
Is 103307 a prime number?
True
Is 310241 a composite number?
True
Is 870797 prime?
False
Is 694843 a prime number?
False
Is 20635 prime?
False
Is 8147 a prime number?
True
Is 12297 a prime number?
False
Is 3518 a composite number?
True
Is 1066426 composite?
True
Is 252571 a composite number?
True
Is 4316162 a composite number?
True
Is 37847 a prime number?
True
Is 28039 composite?
True
Is 1280023 prime?
True
Is 138279 a composite number?
True
Is 4481 a prime number?
True
Is 12853 a composite number?
False
Is 614041 a prime number?
True
Is 16979 composite?
False
Is 573437 a prime number?
True
Is 46353 composite?
True
Is 170645 a prime number?
False
Is 3863 a prime number?
True
Is 322691 a composite number?
True
Is 80849 a prime number?
True
Is 582931 prime?
True
Is 47981 prime?
True
Is 1212973 prime?
True
Is 261487 composite?
True
Is 68963 prime?
True
Is 185561 a composite number?
True
Is 112191 composite?
True
Is 2479 prime?
False
Is 436913 composite?
False
Is 443657 composite?
True
Is 1189 a prime number?
False
Is 60161 a prime number?
True
Is 10729 composite?
False
Is 9346 a prime number?
False
Is 467 prime?
True
Is 32449 a prime number?
False
Is 50821 a prime number?
True
Is 10081 composite?
True
Is 165931 a composite number?
False
Is 8885 composite?
True
Is 9745 composite?
True
Is 24802 a prime number?
False
Is 13361 a composite number?
True
Is 70753 a composite number?
False
Is 1546879 a prime number?
True
Is 185847 a prime number?
False
Is 673 composite?
False
Is 114859 prime?
True
Is 740771 a composite number?
True
Is 29933 prime?
False
Is 9233 a prime number?
False
Is 149 a composite number?
False
Is 105979 a prime number?
False
Is 283403 prime?
True
Is 650179 a composite number?
False
Is 256027 prime?
False
Is 15539 a composite number?
True
Is 89189 a prime number?
True
Is 107063 composite?
True
Is 1894957 composite?
True
Is 2879 a composite number?
False
Is 34019 composite?
False
Is 58655 a prime number?
False
Is 1973 composite?
False
Is 31945 a prime number?
False
Is 458789 a prime number?
True
Is 2741 composite?
False
Is 55597 a prime number?
False
Is 731327 a prime number?
True
Is 10666 a prime number?
False
Is 28781 composite?
True
Is 33671 a composite number?
True
Is 1471021 composite?
False
Is 327399 composite?
True
Is 547 a composite number?
False
Is 83071 a prime number?
True
Is 5813 prime?
True
Is 1307893 a prime number?
True
Is 1469 a composite number?
True
Is 19531 composite?
False
Is 7607 composite?
False
Is 20297 a composite number?
False
Is 99317 a prime number?
True
Is 23329 a